{"id":5790,"date":"2022-10-03T17:33:53","date_gmt":"2022-10-03T15:33:53","guid":{"rendered":"https:\/\/www.volkstheater.ch\/service-aux-membres\/"},"modified":"2025-09-03T11:04:12","modified_gmt":"2025-09-03T09:04:12","slug":"service-aux-membres","status":"publish","type":"page","link":"https:\/\/www.volkstheater.ch\/fr\/service-aux-membres\/","title":{"rendered":"Service aux membres"},"content":{"rendered":"\n<p>Comment la f\u00e9d\u00e9ration t&rsquo;aide concr\u00e8tement.<\/p>\n\n\n<section class=\"seiten-teasers\" >\n  <div class=\"row\">\n      <div class=\"seite col-md-6 col-lg-4 col-xxl-3\">\n      <div class=\"seite-icon\">\n        <a href=\"https:\/\/www.volkstheater.ch\/vitamin-b\/\">\n          <img decoding=\"async\" src=\"https:\/\/www.volkstheater.ch\/wp-content\/uploads\/2022\/10\/icons-set-05.svg\" alt=\"\">\n        <\/a>\n      <\/div>\n      <div class=\"seite-title\"><a href=\"https:\/\/www.volkstheater.ch\/vitamin-b\/\">Vitamine B<\/a><\/div>\n      <div class=\"seite-description\">soutenir, aider, mettre en relation<\/div>\n    <\/div>\n      <div class=\"seite col-md-6 col-lg-4 col-xxl-3\">\n      <div class=\"seite-icon\">\n        <a href=\"https:\/\/www.volkstheater.ch\/dokumente-logos\/\">\n          <img decoding=\"async\" src=\"https:\/\/www.volkstheater.ch\/wp-content\/uploads\/2022\/10\/icons-set_Zeichenflaeche-1.svg\" alt=\"\">\n        <\/a>\n      <\/div>\n      <div class=\"seite-title\"><a href=\"https:\/\/www.volkstheater.ch\/dokumente-logos\/\">Documents &amp; Logos<\/a><\/div>\n      <div class=\"seite-description\">Pr\u00e9senter<\/div>\n    <\/div>\n      <div class=\"seite col-md-6 col-lg-4 col-xxl-3\">\n      <div class=\"seite-icon\">\n        <a href=\"https:\/\/www.volkstheater.ch\/kurse\/?category=all\">\n          <img decoding=\"async\" src=\"https:\/\/www.volkstheater.ch\/wp-content\/uploads\/2022\/10\/icons-set-04.svg\" alt=\"\">\n        <\/a>\n      <\/div>\n      <div class=\"seite-title\"><a href=\"https:\/\/www.volkstheater.ch\/kurse\/?category=all\">Formations<\/a><\/div>\n      <div class=\"seite-description\">se former de mani\u00e8re approfondie et continue<\/div>\n    <\/div>\n      <div class=\"seite col-md-6 col-lg-4 col-xxl-3\">\n      <div class=\"seite-icon\">\n        <a href=\"https:\/\/www.volkstheater.ch\/tatort\/\">\n          <img decoding=\"async\" src=\"https:\/\/www.volkstheater.ch\/wp-content\/uploads\/2022\/10\/icons-set-03.svg\" alt=\"\">\n        <\/a>\n      <\/div>\n      <div class=\"seite-title\"><a href=\"https:\/\/www.volkstheater.ch\/tatort\/\">projets inter-\/nationaux<\/a><\/div>\n      <div class=\"seite-description\">voyager avec le th\u00e9\u00e2tre<\/div>\n    <\/div>\n      <div class=\"seite col-md-6 col-lg-4 col-xxl-3\">\n      <div class=\"seite-icon\">\n        <a href=\"https:\/\/www.volkstheater.ch\/theater-zytig\/\">\n          <img decoding=\"async\" src=\"https:\/\/www.volkstheater.ch\/wp-content\/uploads\/2022\/10\/icons-set-09.svg\" alt=\"\">\n        <\/a>\n      <\/div>\n      <div class=\"seite-title\"><a href=\"https:\/\/www.volkstheater.ch\/theater-zytig\/\">revue de la f\u00e9d\u00e9ration<\/a><\/div>\n      <div class=\"seite-description\">Magazine pour les passionn\u00e9s de th\u00e9\u00e2tre<\/div>\n    <\/div>\n      <div class=\"seite col-md-6 col-lg-4 col-xxl-3\">\n      <div class=\"seite-icon\">\n        <a href=\"https:\/\/www.volkstheater.ch\/suisa\/\">\n          <img decoding=\"async\" src=\"https:\/\/www.volkstheater.ch\/wp-content\/uploads\/2022\/10\/icons-set-06.svg\" alt=\"\">\n        <\/a>\n      <\/div>\n      <div class=\"seite-title\"><a href=\"https:\/\/www.volkstheater.ch\/suisa\/\">Suisa<\/a><\/div>\n      <div class=\"seite-description\">prot\u00e9g\u00e9 par le droit d&rsquo;auteur<\/div>\n    <\/div>\n      <div class=\"seite col-md-6 col-lg-4 col-xxl-3\">\n      <div class=\"seite-icon\">\n        <a href=\"https:\/\/www.volkstheater.ch\/verlage\/\">\n          <img decoding=\"async\" src=\"https:\/\/www.volkstheater.ch\/wp-content\/uploads\/2022\/10\/icons-set-08.svg\" alt=\"\">\n        <\/a>\n      <\/div>\n      <div class=\"seite-title\"><a href=\"https:\/\/www.volkstheater.ch\/verlage\/\">\u00c9diteurs de th\u00e9\u00e2tre<\/a><\/div>\n      <div class=\"seite-description\">toujours la bonne pi\u00e8ce sous la main<\/div>\n    <\/div>\n      <div class=\"seite col-md-6 col-lg-4 col-xxl-3\">\n      <div class=\"seite-icon\">\n        <a href=\"https:\/\/www.volkstheater.ch\/veteranen\/\">\n          <img decoding=\"async\" src=\"https:\/\/www.volkstheater.ch\/wp-content\/uploads\/2022\/10\/icons-set-02.svg\" alt=\"\">\n        <\/a>\n      <\/div>\n      <div class=\"seite-title\"><a href=\"https:\/\/www.volkstheater.ch\/veteranen\/\">Entr\u00e9e gratuite<\/a><\/div>\n      <div class=\"seite-description\">profiter de la culture en tant que v\u00e9t\u00e9ran<\/div>\n    <\/div>\n      <div class=\"seite col-md-6 col-lg-4 col-xxl-3\">\n      <div class=\"seite-icon\">\n        <a href=\"https:\/\/www.volkstheater.ch\/verguenstigungen\/\">\n          <img decoding=\"async\" src=\"https:\/\/www.volkstheater.ch\/wp-content\/uploads\/2022\/10\/icons-set-07.svg\" alt=\"\">\n        <\/a>\n      <\/div>\n      <div class=\"seite-title\"><a href=\"https:\/\/www.volkstheater.ch\/verguenstigungen\/\">Soutien \/ R\u00e9ductions<\/a><\/div>\n      <div class=\"seite-description\">profiter &amp; \u00e9conomiser<\/div>\n    <\/div>\n      <div class=\"seite col-md-6 col-lg-4 col-xxl-3\">\n      <div class=\"seite-icon\">\n        <a href=\"https:\/\/www.volkstheater.ch\/archiv\/\">\n          <img decoding=\"async\" src=\"https:\/\/www.volkstheater.ch\/wp-content\/uploads\/2022\/10\/sapa-1-lbox-80x80-FFFFFF.png\" alt=\"\">\n        <\/a>\n      <\/div>\n      <div class=\"seite-title\"><a href=\"https:\/\/www.volkstheater.ch\/archiv\/\">Archives<\/a><\/div>\n      <div class=\"seite-description\">documenter &amp; pr\u00e9server<\/div>\n    <\/div>\n    <\/div>\n<\/section>\n","protected":false},"excerpt":{"rendered":"<p>Comment la f\u00e9d\u00e9ration t&rsquo;aide concr\u00e8tement.<\/p>\n","protected":false},"author":5,"featured_media":0,"parent":0,"menu_order":0,"comment_status":"closed","ping_status":"closed","template":"","meta":{"_acf_changed":false,"inline_featured_image":false,"footnotes":""},"class_list":["post-5790","page","type-page","status-publish","hentry"],"acf":[],"yoast_head":"<!-- This site is optimized with the Yoast SEO plugin v27.5 - https:\/\/yoast.com\/product\/yoast-seo-wordpress\/ -->\n<title>Service aux membres - Zentralverband Schweizer Volkstheater<\/title>\n<meta name=\"robots\" content=\"index, follow, max-snippet:-1, max-image-preview:large, max-video-preview:-1\" \/>\n<link rel=\"canonical\" href=\"https:\/\/www.volkstheater.ch\/fr\/service-aux-membres\/\" \/>\n<meta property=\"og:locale\" content=\"fr_FR\" \/>\n<meta property=\"og:type\" content=\"article\" \/>\n<meta property=\"og:title\" content=\"Service aux membres - Zentralverband Schweizer Volkstheater\" \/>\n<meta property=\"og:description\" content=\"Comment la f\u00e9d\u00e9ration t&rsquo;aide concr\u00e8tement.\" \/>\n<meta property=\"og:url\" content=\"https:\/\/www.volkstheater.ch\/fr\/service-aux-membres\/\" \/>\n<meta property=\"og:site_name\" content=\"Zentralverband Schweizer Volkstheater\" \/>\n<meta property=\"article:modified_time\" content=\"2025-09-03T09:04:12+00:00\" \/>\n<meta name=\"twitter:card\" content=\"summary_large_image\" \/>\n<meta name=\"twitter:label1\" content=\"Dur\u00e9e de lecture estim\u00e9e\" \/>\n\t<meta name=\"twitter:data1\" content=\"1 minute\" \/>\n<script type=\"application\/ld+json\" class=\"yoast-schema-graph\">{\"@context\":\"https:\\\/\\\/schema.org\",\"@graph\":[{\"@type\":\"WebPage\",\"@id\":\"https:\\\/\\\/www.volkstheater.ch\\\/fr\\\/service-aux-membres\\\/\",\"url\":\"https:\\\/\\\/www.volkstheater.ch\\\/fr\\\/service-aux-membres\\\/\",\"name\":\"Service aux membres - Zentralverband Schweizer Volkstheater\",\"isPartOf\":{\"@id\":\"https:\\\/\\\/www.volkstheater.ch\\\/#website\"},\"datePublished\":\"2022-10-03T15:33:53+00:00\",\"dateModified\":\"2025-09-03T09:04:12+00:00\",\"breadcrumb\":{\"@id\":\"https:\\\/\\\/www.volkstheater.ch\\\/fr\\\/service-aux-membres\\\/#breadcrumb\"},\"inLanguage\":\"fr-FR\",\"potentialAction\":[{\"@type\":\"ReadAction\",\"target\":[\"https:\\\/\\\/www.volkstheater.ch\\\/fr\\\/service-aux-membres\\\/\"]}]},{\"@type\":\"BreadcrumbList\",\"@id\":\"https:\\\/\\\/www.volkstheater.ch\\\/fr\\\/service-aux-membres\\\/#breadcrumb\",\"itemListElement\":[{\"@type\":\"ListItem\",\"position\":1,\"name\":\"Startseite\",\"item\":\"https:\\\/\\\/www.volkstheater.ch\\\/fr\\\/\"},{\"@type\":\"ListItem\",\"position\":2,\"name\":\"Service aux membres\"}]},{\"@type\":\"WebSite\",\"@id\":\"https:\\\/\\\/www.volkstheater.ch\\\/#website\",\"url\":\"https:\\\/\\\/www.volkstheater.ch\\\/\",\"name\":\"Zentralverband Schweizer Volkstheater\",\"description\":\"Dachverband des Amateurtheaters in der deutschen und r\u00e4toromanischen Schweiz\",\"potentialAction\":[{\"@type\":\"SearchAction\",\"target\":{\"@type\":\"EntryPoint\",\"urlTemplate\":\"https:\\\/\\\/www.volkstheater.ch\\\/?s={search_term_string}\"},\"query-input\":{\"@type\":\"PropertyValueSpecification\",\"valueRequired\":true,\"valueName\":\"search_term_string\"}}],\"inLanguage\":\"fr-FR\"}]}<\/script>\n<!-- \/ Yoast SEO plugin. -->","yoast_head_json":{"title":"Service aux membres - Zentralverband Schweizer Volkstheater","robots":{"index":"index","follow":"follow","max-snippet":"max-snippet:-1","max-image-preview":"max-image-preview:large","max-video-preview":"max-video-preview:-1"},"canonical":"https:\/\/www.volkstheater.ch\/fr\/service-aux-membres\/","og_locale":"fr_FR","og_type":"article","og_title":"Service aux membres - Zentralverband Schweizer Volkstheater","og_description":"Comment la f\u00e9d\u00e9ration t&rsquo;aide concr\u00e8tement.","og_url":"https:\/\/www.volkstheater.ch\/fr\/service-aux-membres\/","og_site_name":"Zentralverband Schweizer Volkstheater","article_modified_time":"2025-09-03T09:04:12+00:00","twitter_card":"summary_large_image","twitter_misc":{"Dur\u00e9e de lecture estim\u00e9e":"1 minute"},"schema":{"@context":"https:\/\/schema.org","@graph":[{"@type":"WebPage","@id":"https:\/\/www.volkstheater.ch\/fr\/service-aux-membres\/","url":"https:\/\/www.volkstheater.ch\/fr\/service-aux-membres\/","name":"Service aux membres - Zentralverband Schweizer Volkstheater","isPartOf":{"@id":"https:\/\/www.volkstheater.ch\/#website"},"datePublished":"2022-10-03T15:33:53+00:00","dateModified":"2025-09-03T09:04:12+00:00","breadcrumb":{"@id":"https:\/\/www.volkstheater.ch\/fr\/service-aux-membres\/#breadcrumb"},"inLanguage":"fr-FR","potentialAction":[{"@type":"ReadAction","target":["https:\/\/www.volkstheater.ch\/fr\/service-aux-membres\/"]}]},{"@type":"BreadcrumbList","@id":"https:\/\/www.volkstheater.ch\/fr\/service-aux-membres\/#breadcrumb","itemListElement":[{"@type":"ListItem","position":1,"name":"Startseite","item":"https:\/\/www.volkstheater.ch\/fr\/"},{"@type":"ListItem","position":2,"name":"Service aux membres"}]},{"@type":"WebSite","@id":"https:\/\/www.volkstheater.ch\/#website","url":"https:\/\/www.volkstheater.ch\/","name":"Zentralverband Schweizer Volkstheater","description":"Dachverband des Amateurtheaters in der deutschen und r\u00e4toromanischen Schweiz","potentialAction":[{"@type":"SearchAction","target":{"@type":"EntryPoint","urlTemplate":"https:\/\/www.volkstheater.ch\/?s={search_term_string}"},"query-input":{"@type":"PropertyValueSpecification","valueRequired":true,"valueName":"search_term_string"}}],"inLanguage":"fr-FR"}]}},"_links":{"self":[{"href":"https:\/\/www.volkstheater.ch\/fr\/wp-json\/wp\/v2\/pages\/5790","targetHints":{"allow":["GET"]}}],"collection":[{"href":"https:\/\/www.volkstheater.ch\/fr\/wp-json\/wp\/v2\/pages"}],"about":[{"href":"https:\/\/www.volkstheater.ch\/fr\/wp-json\/wp\/v2\/types\/page"}],"author":[{"embeddable":true,"href":"https:\/\/www.volkstheater.ch\/fr\/wp-json\/wp\/v2\/users\/5"}],"replies":[{"embeddable":true,"href":"https:\/\/www.volkstheater.ch\/fr\/wp-json\/wp\/v2\/comments?post=5790"}],"version-history":[{"count":3,"href":"https:\/\/www.volkstheater.ch\/fr\/wp-json\/wp\/v2\/pages\/5790\/revisions"}],"predecessor-version":[{"id":5900,"href":"https:\/\/www.volkstheater.ch\/fr\/wp-json\/wp\/v2\/pages\/5790\/revisions\/5900"}],"wp:attachment":[{"href":"https:\/\/www.volkstheater.ch\/fr\/wp-json\/wp\/v2\/media?parent=5790"}],"curies":[{"name":"wp","href":"https:\/\/api.w.org\/{rel}","templated":true}]}}

<p>Comment la fédération t&rsquo;aide concrètement.</p>


<section class="seiten-teasers" >
  <div class="row">
      <div class="seite col-md-6 col-lg-4 col-xxl-3">
      <div class="seite-icon">
        <a href="https://www.volkstheater.ch/vitamin-b/">
          <img decoding="async" src="https://www.volkstheater.ch/wp-content/uploads/2022/10/icons-set-05.svg" alt="">
        </a>
      </div>
      <div class="seite-title"><a href="https://www.volkstheater.ch/vitamin-b/">Vitamine B</a></div>
      <div class="seite-description">soutenir, aider, mettre en relation</div>
    </div>
      <div class="seite col-md-6 col-lg-4 col-xxl-3">
      <div class="seite-icon">
        <a href="https://www.volkstheater.ch/dokumente-logos/">
          <img decoding="async" src="https://www.volkstheater.ch/wp-content/uploads/2022/10/icons-set_Zeichenflaeche-1.svg" alt="">
        </a>
      </div>
      <div class="seite-title"><a href="https://www.volkstheater.ch/dokumente-logos/">Documents &amp; Logos</a></div>
      <div class="seite-description">Présenter</div>
    </div>
      <div class="seite col-md-6 col-lg-4 col-xxl-3">
      <div class="seite-icon">
        <a href="https://www.volkstheater.ch/kurse/?category=all">
          <img decoding="async" src="https://www.volkstheater.ch/wp-content/uploads/2022/10/icons-set-04.svg" alt="">
        </a>
      </div>
      <div class="seite-title"><a href="https://www.volkstheater.ch/kurse/?category=all">Formations</a></div>
      <div class="seite-description">se former de manière approfondie et continue</div>
    </div>
      <div class="seite col-md-6 col-lg-4 col-xxl-3">
      <div class="seite-icon">
        <a href="https://www.volkstheater.ch/tatort/">
          <img decoding="async" src="https://www.volkstheater.ch/wp-content/uploads/2022/10/icons-set-03.svg" alt="">
        </a>
      </div>
      <div class="seite-title"><a href="https://www.volkstheater.ch/tatort/">projets inter-/nationaux</a></div>
      <div class="seite-description">voyager avec le théâtre</div>
    </div>
      <div class="seite col-md-6 col-lg-4 col-xxl-3">
      <div class="seite-icon">
        <a href="https://www.volkstheater.ch/theater-zytig/">
          <img decoding="async" src="https://www.volkstheater.ch/wp-content/uploads/2022/10/icons-set-09.svg" alt="">
        </a>
      </div>
      <div class="seite-title"><a href="https://www.volkstheater.ch/theater-zytig/">revue de la fédération</a></div>
      <div class="seite-description">Magazine pour les passionnés de théâtre</div>
    </div>
      <div class="seite col-md-6 col-lg-4 col-xxl-3">
      <div class="seite-icon">
        <a href="https://www.volkstheater.ch/suisa/">
          <img decoding="async" src="https://www.volkstheater.ch/wp-content/uploads/2022/10/icons-set-06.svg" alt="">
        </a>
      </div>
      <div class="seite-title"><a href="https://www.volkstheater.ch/suisa/">Suisa</a></div>
      <div class="seite-description">protégé par le droit d&rsquo;auteur</div>
    </div>
      <div class="seite col-md-6 col-lg-4 col-xxl-3">
      <div class="seite-icon">
        <a href="https://www.volkstheater.ch/verlage/">
          <img decoding="async" src="https://www.volkstheater.ch/wp-content/uploads/2022/10/icons-set-08.svg" alt="">
        </a>
      </div>
      <div class="seite-title"><a href="https://www.volkstheater.ch/verlage/">Éditeurs de théâtre</a></div>
      <div class="seite-description">toujours la bonne pièce sous la main</div>
    </div>
      <div class="seite col-md-6 col-lg-4 col-xxl-3">
      <div class="seite-icon">
        <a href="https://www.volkstheater.ch/veteranen/">
          <img decoding="async" src="https://www.volkstheater.ch/wp-content/uploads/2022/10/icons-set-02.svg" alt="">
        </a>
      </div>
      <div class="seite-title"><a href="https://www.volkstheater.ch/veteranen/">Entrée gratuite</a></div>
      <div class="seite-description">profiter de la culture en tant que vétéran</div>
    </div>
      <div class="seite col-md-6 col-lg-4 col-xxl-3">
      <div class="seite-icon">
        <a href="https://www.volkstheater.ch/verguenstigungen/">
          <img decoding="async" src="https://www.volkstheater.ch/wp-content/uploads/2022/10/icons-set-07.svg" alt="">
        </a>
      </div>
      <div class="seite-title"><a href="https://www.volkstheater.ch/verguenstigungen/">Soutien / Réductions</a></div>
      <div class="seite-description">profiter &amp; économiser</div>
    </div>
      <div class="seite col-md-6 col-lg-4 col-xxl-3">
      <div class="seite-icon">
        <a href="https://www.volkstheater.ch/archiv/">
          <img decoding="async" src="https://www.volkstheater.ch/wp-content/uploads/2022/10/sapa-1-lbox-80x80-FFFFFF.png" alt="">
        </a>
      </div>
      <div class="seite-title"><a href="https://www.volkstheater.ch/archiv/">Archives</a></div>
      <div class="seite-description">documenter &amp; préserver</div>
    </div>
    </div>
</section>

<p>Comment la fédération t&rsquo;aide concrètement.</p>

<!-- This site is optimized with the Yoast SEO plugin v27.5 - https://yoast.com/product/yoast-seo-wordpress/ -->
<title>Service aux membres - Zentralverband Schweizer Volkstheater</title>
<meta name="robots" content="index, follow, max-snippet:-1, max-image-preview:large, max-video-preview:-1" />
<link rel="canonical" href="https://www.volkstheater.ch/fr/service-aux-membres/" />
<meta property="og:locale" content="fr_FR" />
<meta property="og:type" content="article" />
<meta property="og:title" content="Service aux membres - Zentralverband Schweizer Volkstheater" />
<meta property="og:description" content="Comment la fédération t&rsquo;aide concrètement." />
<meta property="og:url" content="https://www.volkstheater.ch/fr/service-aux-membres/" />
<meta property="og:site_name" content="Zentralverband Schweizer Volkstheater" />
<meta property="article:modified_time" content="2025-09-03T09:04:12+00:00" />
<meta name="twitter:card" content="summary_large_image" />
<meta name="twitter:label1" content="Durée de lecture estimée" />
	<meta name="twitter:data1" content="1 minute" />
<script type="application/ld+json" class="yoast-schema-graph">{"@context":"https:\/\/schema.org","@graph":[{"@type":"WebPage","@id":"https:\/\/www.volkstheater.ch\/fr\/service-aux-membres\/","url":"https:\/\/www.volkstheater.ch\/fr\/service-aux-membres\/","name":"Service aux membres - Zentralverband Schweizer Volkstheater","isPartOf":{"@id":"https:\/\/www.volkstheater.ch\/#website"},"datePublished":"2022-10-03T15:33:53+00:00","dateModified":"2025-09-03T09:04:12+00:00","breadcrumb":{"@id":"https:\/\/www.volkstheater.ch\/fr\/service-aux-membres\/#breadcrumb"},"inLanguage":"fr-FR","potentialAction":[{"@type":"ReadAction","target":["https:\/\/www.volkstheater.ch\/fr\/service-aux-membres\/"]}]},{"@type":"BreadcrumbList","@id":"https:\/\/www.volkstheater.ch\/fr\/service-aux-membres\/#breadcrumb","itemListElement":[{"@type":"ListItem","position":1,"name":"Startseite","item":"https:\/\/www.volkstheater.ch\/fr\/"},{"@type":"ListItem","position":2,"name":"Service aux membres"}]},{"@type":"WebSite","@id":"https:\/\/www.volkstheater.ch\/#website","url":"https:\/\/www.volkstheater.ch\/","name":"Zentralverband Schweizer Volkstheater","description":"Dachverband des Amateurtheaters in der deutschen und rätoromanischen Schweiz","potentialAction":[{"@type":"SearchAction","target":{"@type":"EntryPoint","urlTemplate":"https:\/\/www.volkstheater.ch\/?s={search_term_string}"},"query-input":{"@type":"PropertyValueSpecification","valueRequired":true,"valueName":"search_term_string"}}],"inLanguage":"fr-FR"}]}</script>
<!-- / Yoast SEO plugin. -->

Comment la fédération t&rsquo;aide concrètement.

Dachverband des Amateurtheaters in der deutschen und rätoromanischen Schweiz
